{"id":132,"date":"2013-01-14T18:52:55","date_gmt":"2013-01-14T17:52:55","guid":{"rendered":"http:\/\/ivoreya-judo.si.afna.si\/?page_id=132"},"modified":"2025-04-18T10:52:57","modified_gmt":"2025-04-18T09:52:57","slug":"trenerji","status":"publish","type":"page","link":"http:\/\/ivoreya-judo.si.afna.si\/?page_id=132","title":{"rendered":"Trenerji"},"content":{"rendered":"<p>Goran Janji\u0107 &#8211; trener juda 4. DAN<\/p>\n<p>Ur\u0161ka Klemen &#8211; prof. \u0161port. vzgoje&nbsp;<\/p>\n<p>Pia Pavleti\u0107 &#8211;&nbsp; 1. DAN<\/p>\n<p>Jure Zlatolas &#8211; in\u0161truktor juda 2. KYU<\/p>\n","protected":false},"excerpt":{"rendered":"<p>Goran Janji\u0107 &#8211; trener juda 4. DAN Ur\u0161ka Klemen &#8211; prof. \u0161port. vzgoje&nbsp; Pia Pavleti\u0107 &#8211;&nbsp; 1. DAN Jure Zlatolas &#8211; in\u0161truktor juda 2. KYU<\/p>\n","protected":false},"author":1,"featured_media":0,"parent":0,"menu_order":0,"comment_status":"closed","ping_status":"open","template":"","meta":{"ngg_post_thumbnail":0,"footnotes":""},"class_list":["post-132","page","type-page","status-publish","hentry"],"jetpack_shortlink":"https:\/\/wp.me\/P345DH-28","jetpack_sharing_enabled":true,"_links":{"self":[{"href":"http:\/\/ivoreya-judo.si.afna.si\/index.php?rest_route=\/wp\/v2\/pages\/132","targetHints":{"allow":["GET"]}}],"collection":[{"href":"http:\/\/ivoreya-judo.si.afna.si\/index.php?rest_route=\/wp\/v2\/pages"}],"about":[{"href":"http:\/\/ivoreya-judo.si.afna.si\/index.php?rest_route=\/wp\/v2\/types\/page"}],"author":[{"embeddable":true,"href":"http:\/\/ivoreya-judo.si.afna.si\/index.php?rest_route=\/wp\/v2\/users\/1"}],"replies":[{"embeddable":true,"href":"http:\/\/ivoreya-judo.si.afna.si\/index.php?rest_route=%2Fwp%2Fv2%2Fcomments&post=132"}],"version-history":[{"count":5,"href":"http:\/\/ivoreya-judo.si.afna.si\/index.php?rest_route=\/wp\/v2\/pages\/132\/revisions"}],"predecessor-version":[{"id":18755,"href":"http:\/\/ivoreya-judo.si.afna.si\/index.php?rest_route=\/wp\/v2\/pages\/132\/revisions\/18755"}],"wp:attachment":[{"href":"http:\/\/ivoreya-judo.si.afna.si\/index.php?rest_route=%2Fwp%2Fv2%2Fmedia&parent=132"}],"curies":[{"name":"wp","href":"https:\/\/api.w.org\/{rel}","templated":true}]}}

<p>Goran Janjić &#8211; trener juda 4. DAN</p>
<p>Urška Klemen &#8211; prof. šport. vzgoje&nbsp;</p>
<p>Pia Pavletić &#8211;&nbsp; 1. DAN</p>
<p>Jure Zlatolas &#8211; inštruktor juda 2. KYU</p>

<p>Goran Janjić &#8211; trener juda 4. DAN Urška Klemen &#8211; prof. šport. vzgoje&nbsp; Pia Pavletić &#8211;&nbsp; 1. DAN Jure Zlatolas &#8211; inštruktor juda 2. KYU</p>
